se 16, what is 5 - -cbb?
cc0
In base 10, what is -2 + -20305?
-20307
In base 13, what is -b08c4 + -1?
-b08c5
In base 3, what is 22222212 - 2202?
22220010
In base 12, what is 331a6 - 4?
331a2
In base 10, what is -3119 - 0?
-3119
In base 13, what is -51c08 - -21?
-51bb7
In base 6, what is -121500 - 0?
-121500
In base 5, what is 1320422 - -3?
1320430
In base 15, what is -1be - a7b?
-c4a
In base 5, what is -42 - 230?
-322
In base 13, what is 2 - 2267?
-2265
In base 16, what is 1 + b6db?
b6dc
In base 4, what is 3 - -1321202?
1321211
In base 10, what is 2223 + 38?
2261
In base 3, what is -11112100 - -1010?
-11111020
In base 14, what is 1c3b9 + 5?
1c3c0
In base 12, what is -11 + 1b63b?
1b62a
In base 12, what is 33 - 6298?
-6265
In base 2, what is -11 + 1111100001010101101?
1111100001010101010
In base 15, what is -28 - b97e?
-b9a7
In base 8, what is 12 + 70462?
70474
In base 14, what is -14a6a + 4?
-14a66
In base 3, what is -1 + -120100012?
-120100020
In base 11, what is -568 + -16?
-583
In base 10, what is 1 + 162478?
162479
In base 15, what is 3 - -c4b8?
c4bb
In base 8, what is 1 - -223223?
223224
In base 11, what is -1 - 3a402?
-3a403
In base 15, what is -edd - 33?
-1021
In base 2, what is -1000 - -1011011101010?
1011011100010
In base 16, what is 3ee68 + 3?
3ee6b
In base 9, what is -101680 + 28?
-101651
In base 13, what is 2b0 + -4a4?
-1c4
In base 8, what is -2 - -2517777?
2517775
In base 11, what is -1a + -14264?
-14283
In base 6, what is 4525 - 51?
4434
In base 15, what is -72 - -50ab?
5039
In base 15, what is -2e - 13e?
-16d
In base 3, what is -11001001 - 210211?
-11211212
In base 3, what is -21222001100 - 101?
-21222001201
In base 5, what is -10 - -310204021?
310204011
In base 4, what is -23223 - -112?
-23111
In base 7, what is -241305 - -4?
-241301
In base 6, what is -21405340 - 5?
-21405345
In base 15, what is -188c3e - -2?
-188c3c
In base 8, what is -36230 - 4?
-36234
In base 13, what is -5 + 560?
558
In base 9, what is -2 - -2108?
2106
In base 6, what is -103514 - -44?
-103430
In base 7, what is 2246 + 1?
2250
In base 4, what is -1223302 - 13?
-1223321
In base 9, what is 1773 - 1545?
227
In base 4, what is 0 + 1133332311?
1133332311
In base 5, what is 232422 - 32?
232340
In base 14, what is -11 - -173b6?
173a5
In base 16, what is 3 - -1367?
136a
In base 5, what is 31300312 - -13?
31300330
In base 13, what is a45 + -50?
9c5
In base 12, what is 4 + -6636?
-6632
In base 14, what is 7 + 1b1c?
1b25
In base 16, what is -1 - 16c48?
-16c49
In base 9, what is -2014 - -30?
-1874
In base 13, what is 69 + -1bb?
-152
In base 6, what is -1023432 - -4?
-1023424
In base 4, what is -2002 + -23020?
-31022
In base 6, what is 5 + -212133?
-212124
In base 12, what is 1 - -361b?
3620
In base 9, what is -45 + -258?
-314
In base 10, what is 1090417 + -2?
1090415
In base 2, what is 111011000101 - 10011000101?
101000000000
In base 4, what is -102 + 12133202?
12133100
In base 16, what is 348c + -f6?
3396
In base 9, what is 7552671 - 0?
7552671
In base 11, what is 1a2 + -42?
160
In base 16, what is 93 + 4417?
44aa
In base 14, what is 32cb74 + -1?
32cb73
In base 5, what is -14301 - 222?
-20023
In base 11, what is 12 - -830?
842
In base 5, what is 4 + -1211032?
-1211023
In base 10, what is 210257 + -7?
210250
In base 3, what is -2 - 22212021201?
-22212021210
In base 14, what is 2 - -2676?
2678
In base 13, what is 3 - 32259?
-32256
In base 7, what is -23424 - 15?
-23442
In base 3, what is -10000001 - -122112?
-2100112
In base 5, what is 2121 - -2210?
4331
In base 2, what is 11 + 1010100101000?
1010100101011
In base 2, what is -100 + 1000100101000110000?
1000100101000101100
In base 3, what is 10121201 - -222?
10122200
In base 8, what is 101503 + -5?
101476
In base 13, what is -2 + 3574?
3572
In base 15, what is 3a5 - -18d?
543
In base 15, what is -16 - 132c0?
-132d6
In base 13, what is 4 + -2522b1?
-2522aa
In base 8, what is 1 - 3024300?
-3024277
In base 9, what is 58788 - -3?
58802
In base 11, what is a55 + -585?
480
In base 2, what is 100 + 1001010010111?
1001010011011
In base 6, what is 3 - 35411?
-35404
In base 7, what is -3646 + -11?
-3660
In base 16, what is d + 48dd?
48ea
In base 7, what is 3 - 40441?
-40435
In base 3, what is 21222022 + -1020?
21221002
In base 13, what is -7591 - 1?
-7592
In base 7, what is -35022 + 1?
-35021
In base 14, what is b204 - -1?
b205
In base 6, what is -150531 - -323?
-150204
In base 11, what is -8 - 310a?
-3117
In base 14, what is -68 + -333c?
-33a6
In base 4, what is 100333 - -100?
101033
In base 10, what is 84 + 647?
731
In base 6, what is 351 - -2003?
2354
In base 3, what is -2111000020 - 2?
-2111000022
In base 10, what is 219 - 33?
186
In base 9, what is 10615 + 34?
10650
In base 15, what is -1600 + d2?
-151d
In base 16, what is 1c55a - -4?
1c55e
In base 14, what is 2b60 + 7?
2b67
In base 8, what is 460 - 654?
-174
In base 3, what is -1 - 20200001?
-20200002
In base 14, what is 8b7 + 4?
8bb
In base 10, what is 9119331 + 0?
9119331
In base 5, what is 14121104 - 10?
14121044
In base 3, what is 1022211 + 2022212?
10122200
In base 10, what is 3661 + -90?
3571
In base 13, what is -2 - -1a803?
1a801
In base 3, what is -201001 + -110201?
-1011202
In base 13, what is 4a42 + -38?
4a07
In base 7, what is -2 - 102544?
-102546
In base 8, what is 601 + -114?
465
In base 4, what is 10 - -122131303?
122131313
In base 4, what is -220012230 - 100?
-220012330
In base 6, what is 244202 + 1?
244203
In base 8, what is -2 - -532645?
532643
In base 16, what is 4 - -ade3?
ade7
In base 7, what is -150431 - 2?
-150433
In base 9, what is 1 - -138048?
138050
In base 14, what is -9c - 58d?
-64b
In base 3, what is 102200000 + -112?
102122111
In base 13, what is 15664c - -2?
156651
In base 14, what is -1a25 + -3?
-1a28
In base 7, what is -2 + -1255555?
-1255560
In base 3, what is 1101001022000 - 2?
1101001021221
In base 9, what is -186 - 256?
-453
In base 6, what is 4 - 12320343?
-12320335
In base 10, what is 125 + -405?
-280
In base 2, what is 1 - 10001010000011111111?
-10001010000011111110
In base 12, what is -113 + -197?
-2aa
In base 15, what is -3d11c - 0?
-3d11c
In base 12, what is 1 - -3412?
3413
In base 13, what is -4 - -1168a?
11686
In base 9, what is 116 + 11425?
11542
In base 4, what is 11 - 1220003?
-1213332
In base 7, what is -35 - -12452?
12414
In base 15, what is -5 - -3789?
3784
In base 6, what is -330 + 130?
-200
In base 5, what is -101101132 + -3?
-101101140
In base 7, what is -3464406 + 0?
-3464406
In base 12, what is -2a + 5b3?
585
In base 13, what is 11 + 101b?
102c
In base 3, what is 1221 - 111200?
-102202
In base 5, what is 44001 - -312?
44313
In base 10, what is 114 - -318?
432
In base 6, what is 3134022 + 3?
3134025
In base 9, what is -72287 + -2?
-72300
In base 14, what is 85 + 2dc?
383
In base 5, what is 3034030 - 4?
3034021
In base 16, what is 37 - -11f?
156
In base 6, what is 2 - -442525?
442531
In base 10, what is -2 + 115736?
115734
In base 7, what is 125 - -201512?
201640
In base 16, what is -219c7 + b?
-219bc
In base 5, what is -440310 + -22?
-440332
In base 11, what is -36 + -388?
-413
In base 12, what is 2 + -34bba?
-34bb8
In base 10, what is 72 + 28300?
28372
In base 16, what is -4 - -24bd?
24b9
In base 3, what is -2200121002 + 20?
-2200120212
In base 7, what is -6050 + -130?
-6210
In base 16, what is 9ea7 - 7?
9ea0
In base 3, what is 121020 - 11101?
102212
In base 12, what is 15927b + -1?
15927a
In base 8, what is -12150 - -21?
-12127
In base 10, what is 4 + -9225?
-9221
In base 11, what is -27185 - 2?
-27187
In base 3, what is 2 - 21201212?
-21201210
In base 10, what is 8 + -44683?
-44675
In base 13, what is -22 + -1a11?
-1a33
In base 4, what is -2112 - 13032?
-21210
In base 4, what is 133000 - -3321?
202321
In base 13, what is -80700 - -4?
-806c9
In base 8, what is -235 - 42732?
-43167
In base 14, what is -8 + -18d99?
-18da3
In base 9, what is -6636 + -10?
-6646
In base 10, what is -3 + 11816?
11813
In base 10, what is 2669276 + 4?
2669280
In base 11, what is -76 + 872?
7a7
In base 13, what is 6 - -2110?
2116
In base 3, what is -2101020000011 + 10?
-2101020000001
In base 8, what is -11637 - 3?
-11642
In base 8, what is -73 - 3176?
-3271
In base 15, what is -14e70 - 3?
-14e73
In base 8, what is 2 + -2032?
-2030
In base 5